- 2*j = 131, 4*b + 7 - 177 = -2*j. What is the greatest common divisor of 430 and b?
43
Suppose -5*z + 39 + 52 = u, -6*z + 206 = 2*u. Calculate the highest common factor of u and 47553.
121
Let q be 4/18 + 626/18. Let b be (5/(-10))/((-4)/(-8)). Let w be 3 + -1 - 4/b - -1. Calculate the highest common factor of q and w.
7
Let x = 8 + -5. Let y be x - -1 - 8 - (-2 + -41). Suppose -3*p - 12 = -y. What is the highest common divisor of 9 and p?
9
Let u = 17582 - 16869. Calculate the greatest common factor of 217 and u.
31
Suppose 2*g + 2 = 4. Suppose 0 = 3*h - 4*f - 44, 0 = 2*h + f - 6*f - 34. Suppose -h = -10*b - 2. What is the greatest common factor of b and g?
1
Let d(r) = 6*r + 32. Let a be d(-4). Suppose -a*n = -39 - 1. What is the greatest common factor of n and 35?
5
Let n(u) = u**2 - 5*u - 2. Let j be n(-6). Let b(l) = 161*l**3 - l**2 - 277*l + 277. Let i be b(1). What is the greatest common factor of j and i?
32
Let h(b) be the second derivative of b**3/6 + 43*b**2/2 + 2651*b. Let k = -47 + 22. Let c be h(k). Calculate the greatest common divisor of c and 90.
18
Suppose 5*r = -247 + 327. Let o = 51 - r. Calculate the highest common factor of o and 5.
5
Let l = -2595 + 2656. What is the highest common divisor of 5429 and l?
61
Let m = 398 + -598. Let u = 8 - m. Calculate the greatest common factor of u and 8.
8
Let q = -2599 + 11078. What is the highest common divisor of q and 61?
61
Let a = 555 - 609. Let y = a - -309. What is the highest common factor of 15 and y?
15
Let h = 170 - 168. Suppose -w - s + 156 = 0, -h*w + 0*w + 302 = 4*s. Let l(i) = i**2 + 3*i - 5. Let k be l(4). Calculate the highest common factor of w and k.
23
Let l be 8/2*(-465)/(-372). What is the greatest common divisor of l and 45?
5
Let u(i) = -3*i**3 - 29*i**2 + 29*i + 227. Let m be u(-10). Calculate the greatest common factor of m and 6.
1
Let d(v) = -16*v**2 + 111*v - 80. Let y be d(5). Calculate the greatest common factor of 645 and y.
15
Let b(i) = -15*i**3 + 3*i + 2. Let a be b(-1). Suppose 6*u = 10 + a. Suppose u*y - 35 = -31. What is the greatest common factor of 4 and y?
1
Suppose -104 = -2*p - 4*b, 2*p - 2*b = 2*b + 120. Suppose 0 = 79*m - 76*m - 15, 48 = 4*s + 4*m. Calculate the highest common divisor of p and s.
7
Let t(r) = 2*r**2 - 27*r - 307 - 33 - 22*r - 26*r + 13*r. Let b be t(-6). Calculate the greatest common factor of 8 and b.
8
Let r = 332 - -149. Let b(g) = -5*g**3 - 412*g**2 - 164*g + 37. Let o be b(-82). What is the highest common factor of r and o?
37
Suppose 23*d + 18 = 20*d. Let h(j) = j**2 + 4*j - 8. Let z be h(d). Let v = -273 + 277. What is the greatest common divisor of v and z?
4
Let v = 3 + -3. Suppose 7*y + 11*y - 108 = v. What is the greatest common divisor of 4 and y?
2
Let c be -48*(-8)/12*3. Suppose 0 = -10*q + 2264 + c. What is the greatest common divisor of 295 and q?
59
Let p be (-4)/(-8)*2*3. Let l = 30 - 21. Suppose -l = p*o, 1 = -2*u + 3*o + 16. Calculate the highest common factor of u and 24.
3
Let a be 2*1*(17 - 3519/(-46)). Calculate the highest common factor of a and 55.
11
Suppose 2*x - 139 = v, -2*x + 6*v - 4*v + 138 = 0. Suppose 353*r = 348*r + x. What is the highest common factor of r and 70?
14
Let i(z) = -z**3 - 8*z**2 + 9*z + 10. Let d = -131 - -122. Let m be i(d). Suppose 129 - 4 = 5*q. Calculate the greatest common divisor of q and m.
5
Let l be 2/(-2) + 213 + 5/(-1). Let m = l + -193. Calculate the greatest common divisor of m and 238.
14
Let p be 4*((-75)/20 + 5) - 3. Suppose 0*c + 5*c + 158 = 4*m, -4*m + 172 = p*c. What is the greatest common factor of 14 and m?
14
Suppose -2*u + 332 = 4*y, 4*u - 4*y - 654 = -2*y. Calculate the highest common divisor of 1681 and u.
41
Let u(b) = 2*b - 12. Let w be u(5). Let j be (-19)/w - 5/(-10). Let m(v) = 109*v - 1436. Let t be m(14). What is the highest common divisor of t and j?
10
Let g(i) = -i**3 - 18*i**2 - 13*i - 32. Let o be g(-17). Let l = 104 + o. What is the greatest common factor of l and 1?
1
Let w = 16 - -29. Let d be 6/(-3)*w/(-6). Let l(z) = -z**3 + 15*z**2 + 9*z - 9. Let t be l(d). Calculate the highest common divisor of 14 and t.
14
Let t be 9219392/2688 - 1/(-6). What is the highest common factor of t and 10?
10
Suppose -34*g + 2*l + 148 = -30*g, 3*g + 2*l = 83. What is the highest common factor of 19569 and g?
33
Suppose 4*f = j + 22774, 6*f - j = 8*f - 11390. What is the greatest common divisor of f and 39?
39
Let f = -17 + 19. Suppose f*g + 9 = 39. Let i be (-10)/g - (-152)/12. Calculate the highest common factor of i and 3.
3
Let s be (-46)/72*(-2 - 6) - 2/18. What is the highest common divisor of 7135 and s?
5
Let b be (((-1536)/(-20))/(-8))/(2/20). Let y be (b/80)/(-2*3/30). Calculate the greatest common divisor of 72 and y.
6
Let j be 280*((-403)/26)/(-31). Suppose 107 = 5*z + 7. Calculate the highest common divisor of z and j.
20
Suppose 71*l + 28380 = 181*l. What is the greatest common factor of 1978 and l?
86
Let z = -81 + 144. Let y be 14 + -3 + (0 - (-3 - 0)). Let h be (-5 - 33/(-7)) + 130/y. Calculate the greatest common divisor of h and z.
9
Let t(h) = 2*h**2 + 19*h - 39. Let u = -570 + 555. Let r be t(u). Calculate the greatest common divisor of 315 and r.
63
Suppose 10*c = 5*c + 305. Suppose -x = -0*n + n - 29, -2*x = 3*n - c. What is the greatest common divisor of 26 and x?
26
Let s be (5/(150/(-168)))/((-12)/930). What is the greatest common divisor of s and 62?
62
Let d(l) = 0*l - 9 - 11*l - 44*l**2 + 45*l**2. Let j be d(12). Let z be (-13)/(-3) + (-1)/j. Calculate the greatest common divisor of z and 36.
4
Let q = -1045 - -1059. Suppose 0 = -p - 2*p + 87. Suppose 4*c = p + 83. Calculate the greatest common factor of q and c.
14
Suppose -c = 0, -17*a = -12*a - 3*c - 55. Let t be ((-6)/(-3) - 1) + a. Calculate the greatest common divisor of t and 72.
12
Let d = 53 + -125. Let w be 1 + 56/d - (-88)/9. Calculate the greatest common divisor of 30 and w.
10
Suppose -4*b - 81 = -13*b. Suppose 2*z - 2*t + 8 = -6*t, -4*z = 2*t - 8. Let x = 2 + z. Calculate the greatest common factor of b and x.
3
Let w be 622080/4644 + (-4)/(-86). Calculate the highest common divisor of 737 and w.
67
Suppose 14*k + 2*j = 12*k + 1124, -3*j + 12 = 0. Calculate the highest common divisor of 306 and k.
18
Let l(w) be the third derivative of w**6/120 - w**5/10 + w**4/8 - 5*w**3/3 + 57*w**2. Let c be l(6). What is the greatest common divisor of 20 and c?
4
Let k = -251 - -254. Suppose 5*a - 95 = 50. Suppose 73 + a = k*n. What is the highest common factor of 17 and n?
17
Let q be 1/((-3)/(-2799)) + 0. Suppose 711 = 3*w - 3*t, q = 4*w + 2*t - t. Suppose 0 = -14*o + 9*o + 130. Calculate the greatest common factor of w and o.
26
Suppose 4*h = 69*h + 44*h - 16023. Suppose 3*c + 2 = 11. What is the highest common divisor of h and c?
3
Suppose -11*k = -18*k + 63. Suppose 0 = 5*q + 5*f - k*f - 4362, f + 872 = q. What is the highest common factor of 38 and q?
38
Let o = -75 - -79. Suppose o*z = 66 + 2. Suppose 19*q = 42 + 927. Calculate the highest common factor of z and q.
17
Let s(u) = 56*u**2 - 252*u - 1019. Let r be s(-4). What is the highest common factor of r and 10?
5
Let s(z) = 28*z**2 - 10*z - 539. Let g be s(-7). Calculate the greatest common factor of g and 1239.
21
Let b(q) = -3*q - 13. Let h be b(-5). Let n(z) = 7*z**3 + z**h - 3 - 29*z**3 + 13*z**3 + 3*z. Let m be n(-3). Calculate the highest common factor of m and 24.
24
Let s = 437 + -434. Suppose -18*o = s*o - 126. Calculate the highest common divisor of o and 18.
6
Let y = -1166 + 1557. Calculate the highest common factor of y and 102.
17
Let v(t) = -58*t - 281. Let b be (4/12)/(11/(-165)). Let u be v(b). Calculate the highest common factor of u and 4.
1
Let c be 0*(5 - 6) - 4. Let g be (-488)/(-6) + (-55)/(-15) + c. What is the highest common factor of g and 27?
27
Suppose 39*c + 54*c - 99975 = 0. What is the highest common divisor of 10 and c?
5
Suppose j - 4*j = -4*s + 3567, 0 = 4*s - 4*j - 3576. Let x(r) = -14*r**3 + 1. Let v be x(-1). What is the highest common factor of v and s?
15
Suppose -5*d = -2*d + 2*h + 942, -4*d - 1263 = 5*h. Let z = d + 322. Calculate the greatest common factor of 25 and z.
5
Let i(b) = -b**2 + 20*b - 1. Let t be i(10). Suppose 10*r = 549 - t. What is the greatest common 